{"id":141,"date":"2023-09-07T01:06:28","date_gmt":"2023-09-06T23:06:28","guid":{"rendered":"https:\/\/unacura.com\/?post_type=product&#038;p=141"},"modified":"2026-02-26T18:14:53","modified_gmt":"2026-02-27T00:14:53","slug":"desintox-el-desintoxicador-natural","status":"publish","type":"product","link":"https:\/\/unacura.com\/index.php\/producto\/desintox-el-desintoxicador-natural\/","title":{"rendered":"DESINTOX\u00ae &#8211; El Desintoxicador Natural"},"content":{"rendered":"","protected":false},"excerpt":{"rendered":"<p><strong class=\"x-el x-el-span c2-v c2-w c2-3 c2-52 c2-17 c2-53 c2-54\">*Frasco s\u00f3lo disponible con tapa blanca. Frasco con tapa roja no disponible.<\/strong><\/p>\n<p>DESINTOX\u00ae \u00a0\u201cEl Desintoxicador natural\u201d<\/p>\n<p>Suplemento alimenticio (diet\u00e9tico).<br \/>\nMineral volc\u00e1nico micronizado (zeolita).<br \/>\nFrasco de 250 gramos \/ 8 onzas.<br \/>\nPorci\u00f3n diaria de una cucharada (adultos) una cucharadita (ni\u00f1os)<\/p>\n<p><strong class=\"x-el x-el-span c2-v c2-w c2-3 c2-52 c2-17 c2-53 c2-54\">Conoce m\u00e1s acerca del\u00a0<\/strong><a class=\"x-el x-el-a c2-v c2-w c2-57 c2-y c2-z c2-58 c2-11 c2-59 c2-3 c2-13 c2-14 c2-15 c2-16\" href=\"https:\/\/unacura.com\/index.php\/desintox\/\" rel=\"\"><strong class=\"x-el x-el-span c2-v c2-w c2-3 c2-52 c2-17 c2-53 c2-54\">DESINTOX<\/strong><\/a><\/p>\n<p><strong class=\"x-el x-el-span c2-v c2-w c2-3 c2-52 c2-17 c2-53 c2-54\">Aviso<\/strong>:\u00a0<strong class=\"x-el x-el-span c2-v c2-w c2-3 c2-52 c2-17 c2-53 c2-54\">Precio incluye comisi\u00f3n por la transacci\u00f3n electr\u00f3nica.<\/strong><br \/>\n&#8220;EL CONSUMO DE ESTE PRODUCTO ES RESPONSABILIDAD DE QUIEN LO RECOMIENDA Y DE QUIEN LO USA\u201d y \u201cESTE PRODUCTO NO ES UN MEDICAMENTO\u201d.<\/p>\n<p>De la COFEPRIS: Registros pendientes sanitarios 193300CO362358 y 193300CO362359. \u00a0De la FDA: &#8220;These statements have not been evaluated by the Food and Drug Administration. This product is not intended to diagnose, treat, cure, or prevent any disease. DESINTOX: Registered: is a GRAS product and therefore catalogued as Generally Recommended As Safe by the FDA.<\/p>\n","protected":false},"featured_media":16,"comment_status":"open","ping_status":"closed","template":"","meta":{"_kad_blocks_custom_css":"","_kad_blocks_head_custom_js":"","_kad_blocks_body_custom_js":"","_kad_blocks_footer_custom_js":""},"product_brand":[],"product_cat":[20],"product_tag":[18],"class_list":{"0":"post-141","1":"product","2":"type-product","3":"status-publish","4":"has-post-thumbnail","6":"product_cat-tienda-mexico","7":"product_tag-desintox","8":"resize-featured-image","9":"sales-flash-overlay","10":"woocommerce-text-align-center","11":"woocommerce-image-align-center","12":"do-quantity-buttons","14":"first","15":"instock","16":"shipping-taxable","17":"purchasable","18":"product-type-simple"},"taxonomy_info":{"product_cat":[{"value":20,"label":"Tienda M\u00e9xico"}],"product_tag":[{"value":18,"label":"Desintox"}]},"featured_image_src_large":["https:\/\/unacura.com\/wp-content\/uploads\/2023\/09\/rsw_400cg_true.webp",400,350,false],"author_info":[],"comment_info":26,"_links":{"self":[{"href":"https:\/\/unacura.com\/index.php\/wp-json\/wp\/v2\/product\/141","targetHints":{"allow":["GET"]}}],"collection":[{"href":"https:\/\/unacura.com\/index.php\/wp-json\/wp\/v2\/product"}],"about":[{"href":"https:\/\/unacura.com\/index.php\/wp-json\/wp\/v2\/types\/product"}],"replies":[{"embeddable":true,"href":"https:\/\/unacura.com\/index.php\/wp-json\/wp\/v2\/comments?post=141"}],"wp:featuredmedia":[{"embeddable":true,"href":"https:\/\/unacura.com\/index.php\/wp-json\/wp\/v2\/media\/16"}],"wp:attachment":[{"href":"https:\/\/unacura.com\/index.php\/wp-json\/wp\/v2\/media?parent=141"}],"wp:term":[{"taxonomy":"product_brand","embeddable":true,"href":"https:\/\/unacura.com\/index.php\/wp-json\/wp\/v2\/product_brand?post=141"},{"taxonomy":"product_cat","embeddable":true,"href":"https:\/\/unacura.com\/index.php\/wp-json\/wp\/v2\/product_cat?post=141"},{"taxonomy":"product_tag","embeddable":true,"href":"https:\/\/unacura.com\/index.php\/wp-json\/wp\/v2\/product_tag?post=141"}],"curies":[{"name":"wp","href":"https:\/\/api.w.org\/{rel}","templated":true}]}}